en f is divided by 6.
4
Let m(r) = 48*r**2 - 3*r + 3. Calculate the remainder when m(1) is divided by 7.
6
Let v = 7 + 1. What is the remainder when 11 is divided by v?
3
Let u be 4/(-6)*(-18)/4. Calculate the remainder when 19 + 0 - (u - 1) is divided by 6.
5
Suppose 2*f - 58 = -3*p + 24, -3*f + 6 = 0. What is the remainder when 102 is divided by p?
24
Let c = 13 + -1. Suppose -b + 76 - 29 = 0. What is the remainder when b is divided by c?
11
Let s(d) = -15*d - 52. What is the remainder when s(-10) is divided by 33?
32
What is the remainder when (37 - (0 + -4)) + 3 is divided by (60/(-16))/((-1)/4)?
14
Let l = -4 + 7. Calculate the remainder when -7*(-3 + 26/14) is divided by l.
2
Suppose -4*w + 18 = -6. Let r(k) = -k**3 + 4*k**2 + 4*k + 7. Let v be r(5). Calculate the remainder when -1*-8*v + 0 is divided by w.
4
Suppose -7 = -4*i + 13. Calculate the remainder when i is divided by 2.
1
Let a = 4 + 0. Let y(f) = f**3 + 3*f**2 + 4*f + 2. Let n be y(-2). What is the remainder when -2*(3/n + -2) is divided by a?
3
Let h be ((-3)/2)/(3/(-6)). Suppose -3*v + 2*l + 104 = 34, h*l = 4*v - 95. Calculate the remainder when v is divided by 7.
6
Suppose -14 = -5*y + 4*y. Calculate the remainder when 53 is divided by y.
11
Suppose -3*l + 123 = -6*l. Let f = -21 - l. What is the remainder when f is divided by 7?
6
Let s(l) = -l + 25. What is the remainder when 25 is divided by s(12)?
12
Suppose -4*d = -4*w + 484, -287 - 77 = -3*w + 4*d. Suppose -2*z - 2*z + w = 0. What is the remainder when z is divided by 16?
14
Suppose 4*c - 12 = 4. Suppose -4*z + w = -c, -30 = -5*z - 8*w + 3*w. Calculate the remainder when z is divided by 2.
0
Suppose -b + 10*b - 171 = 0. What is the remainder when b is divided by 13?
6
Suppose -176 = -2*z + 4*z. Let w = z - -127. What is the remainder when w is divided by 14?
11
Let y(l) = 19*l**2 - l - 2. Let t be y(-2). Calculate the remainder when (-2)/(302/t - 4) is divided by 20.
16
Let b be (-46)/(-6) + 4/(-6). Let y be 1*(2 - 1 - 1). Let x = y + b. What is the remainder when x is divided by 3?
1
Let k = -29 - -59. What is the remainder when k is divided by 16?
14
Let x = -3 + 4. Suppose 3*r - x = 68. Calculate the remainder when r is divided by 14/56 + ((-27)/(-4) - -1).
7
Suppose 7 - 5 = x. Suppose d - r - 19 = x*r, d = -3*r + 1. What is the remainder when 18 is divided by d?
8
Let k = 24 - 73. Let s = k - -86. What is the remainder when s is divided by 10?
7
Let s(z) = -2*z + 22. Suppose 0 = 4*n + 2*a + 54, 2*n = a + 3*a - 42. What is the remainder when s(n) is divided by 18?
16
Let g = 28 - 13. Suppose -2*h + 1 + 2 = 3*p, 5*p = -5. Suppose 0 = 5*u + 3*d - 125, -h*d + 2*d = -2*u + 61. Calculate the remainder when u is divided by g.
13
Let n(l) = -15*l + 8. Calculate the remainder when n(-3) is divided by 12.
5
Suppose 3*q - 29 = 73. Calculate the remainder when q is divided by 12.
10
Let i = 44 - -39. Suppose -u + 6*u + l = 141, 4*l + 108 = 4*u. Calculate the remainder when i is divided by u.
27
Let j = 69 - 10. Suppose u - 52 = -1. Suppose -u = -4*k - 2*w + 5*w, 4*w - 57 = -3*k. Calculate the remainder when j is divided by k.
14
Let j(h) = -13*h - 20. Suppose 2*y - 24 = -4*v, -y + 2*v + 60 = 2*y. Calculate the remainder when j(-7) is divided by y.
17
Let q = -20 + 51. Let c = -21 - -32. What is the remainder when q is divided by c?
9
Suppose -5*k = -a + 30, k + 5*a - 30 = 6*k. Let v be (0 + k)*305/10. What is the remainder when 25 is divided by v/(-21) + 2/7?
7
Suppose 2 = r - 0. Suppose -r*c + 5 = -c. What is the remainder when 13 is divided by c?
3
Calculate the remainder when 25 is divided by ((-2)/(-8))/((-1)/(-52)).
12
Suppose 84 = -8*o + 11*o. What is the remainder when 82 is divided by o?
26
Let c = -11 - -116. Suppose -6*p + p + c = 0. Calculate the remainder when p is divided by 8.
5
Let t(p) = p**3 - 8*p**2 + 20*p - 16. Calculate the remainder when t(8) is divided by 29.
28
Let n(v) = 15*v + 21. Let l(x) = -2*x - 3. Let c(h) = 27*l(h) + 4*n(h). Let s be c(-3). Let z = s + 37. What is the remainder when z is divided by 8?
6
Let k = 14 - 5. Calculate the remainder when k is divided by 4.
1
Suppose -a = -0*a - 3. Calculate the remainder when 2/6*(-15)/(-1) is divided by a.
2
Suppose 0*j = j + x - 19, 3*j + 4*x = 60. What is the remainder when 29 is divided by j?
13
Let g = 8 - 15. Let x = 2 - g. Let q(r) = -r**3 + 8*r**2 + 11*r - 4. Calculate the remainder when 27 is divided by q(x).
13
Suppose 2*p = 6*p - 16. Suppose 3*x - x - 6 = p*q, -2*x = 3*q - 20. What is the remainder when 76/6 - 1/(-3) is divided by x?
6
Let h(v) = v**3 - 3*v**2 + 4*v - 6. What is the remainder when h(5) is divided by 17?
13
Suppose -4*i - 16 = -4. Let d be 2*i/9*-54. Suppose 2*p - d = -3*b, -2*p - 5*b = -26 - 18. What is the remainder when 23 is divided by p?
11
Suppose 6*p - 990 = p. What is the remainder when p is divided by 51?
45
Let f be (-8)/(-6) - 2/(-3). Let n(u) be the second derivative of u**4/3 + u**3/6 - u**2 + 8*u. What is the remainder when n(f) is divided by 6?
4
Suppose -2 = t - 4. Let i be (-2)/6 - (-48)/9. Let z = i - 1. What is the remainder when z is divided by t?
0
Let j(z) = -3*z**2 + 5*z + 13. Let t(v) = v**2 - 3*v - 6. Let h(y) = -3*j(y) - 7*t(y). What is the remainder when h(-7) is divided by 15?
14
Suppose 3*k - k = 98. Suppose -k = -3*q - 5*o + 8, 5*q + 2*o = 76. Let w(j) = -j**3 + j**2 + 8. What is the remainder when q is divided by w(0)?
6
Let o be ((-12)/(-10))/(8/20). Suppose 42 = -2*l + 2*v + 18, 6 = o*v. Let g = l + 17. Calculate the remainder when 13 is divided by g.
6
Suppose y - 260 = -4*y. Calculate the remainder when y is divided by 20.
12
Suppose 3*j - 27 = 15. Let y(q) = q**2 - 9. What is the remainder when y(6) is divided by j?
13
Calculate the remainder when 64 is divided by 78/12*(-1 + 3).
12
Let o = -5 - -9. What is the remainder when (-36)/3*((-4)/(-3) - 2) is divided by o?
0
Let x be (15/(-12))/(1/(-4)). Let c = -2 + x. Let t(w) = w**3 - 4*w**2 + 4*w - 2. Calculate the remainder when t(c) is divided by 1.
0
Let y(v) = v**2 + 6*v - 1. Let a(t) = -t**2 - 3*t + 1. Let r be a(-4). Let h be y(r). Let o = h - -25. What is the remainder when 58 is divided by o?
13
Let b(f) = 8*f**2 - f + 2. What is the remainder when b(1) is divided by 4?
1
Let r(d) = d**3 + 5*d**2 + 4*d + 6. Let u be r(-4). Let c = u - 8. Let z(b) = b**3 + b**2 - 3*b - 1. Calculate the remainder when z(c) is divided by 1.
0
Let y = 6 + -8. Let q = 110 - 91. Calculate the remainder when q is divided by (2/y)/(2/(-14)).
5
Suppose 12 = -2*g + 3*c, g + 0*c + 3 = 3*c. Calculate the remainder when 49 is divided by (0 - -2) + (-1 - g).
9
Let j(i) = -22*i - 6. What is the remainder when 72 is divided by j(-2)?
34
Let h = -7 + 10. Suppose -4*z + 86 = h*p, -3*z - 2*z + 106 = 3*p. What is the remainder when z is divided by 7?
6
Let r = -10 + 20. Suppose 2*g - 3 - 1 = b, 3*b = -2*g + 28. What is the remainder when r is divided by b?
4
Let p = -13 - -20. Let v = 3 - p. What is the remainder when 13 is divided by (-13)/(-2) - 2/v?
6
Let l(x) = 7*x**2 - 2*x - 8. What is the remainder when l(-4) is divided by 19?
17
Let r = -5 - 2. Let i = r + 17. Let u = i - 2. What is the remainder when 23 is divided by u?
7
Let m(u) = -4*u - 5. Let o(d) = 23*d + 29. Let z(w) = 34*m(w) + 6*o(w). What is the remainder when 29 is divided by z(3)?
9
Let f be (-1)/(-3) + (-2)/(-3). Let z = -19 + 29. Calculate the remainder when -19*(f + 0 - 2) is divided by z.
9
Suppose 12*q - 173 - 187 = 0. Calculate the remainder when 117 is divided by q.
27
Suppose 0*h = h - 1. Let j = 1 + 0. Calculate the remainder when j is divided by h.
0
Let f(p) = -p**3 - 8*p**2 + 9*p + 5. Let g be f(-9). Suppose 81 = g*q + 11. What is the remainder when q is divided by 5?
4
Suppose 2*t = d + 18, 9*d + 50 = 4*d + 2*t. Calculate the remainder when 20 is divided by (-4)/d*2*7.
6
Suppose -9*z = -1223 - 199. Calculate the remainder when z is divided by 40.
38
Let t(x) = -x**3 - 2*x**2 - 2*x. Let o be t(-2). Suppose 0 = 3*v + 4*a - 22, -v + 56 = o*v - 3*a. Calculate the remainder when v is divided by 3.
1
Let c = -55 + 86. Calculate the remainder when 90 is divided by c.
28
Let s(r) = -r**2 + 6*r - 5. Let v be s(4). Let p = -1 + v. Suppose p*k = -5*x + 69, 0 = k - x - 23 - 29. What is the remainde